= -3*s, u - 2*s - 5 = 1. Suppose -2 = 2*r - u. Let m = r + -3. What is o(m)?
6
Let i = 14 + -14. Suppose -y + i*y = 0. Let o(d) = d**3 - 7. Calculate o(y).
-7
Let m(r) = -5*r**3 - 7*r**2 - 2*r + 12. Let y(i) = 2*i**3 + 2*i**2 + i - 4. Let j = -12 - -4. Let q(z) = j*y(z) - 3*m(z). Give q(3).
8
Let p(h) be the first derivative of -3*h**2/2 + 8*h + 29. Calculate p(8).
-16
Suppose 4*x - 2 - 4 = -t, -8 = -5*t + 2*x. Let w(s) = 5*s + 1. Calculate w(t).
11
Let l(o) = -o**3 + 5*o**2 + 8*o - 8. Let s(y) = y**3 + 6*y**2 - 7*y - 4. Let t be s(-7). Let q = 10 + t. Give l(q).
4
Let l(n) = -5*n - 27. Let s(j) = -3*j - 18. Let d(r) = -5*l(r) + 8*s(r). Determine d(-7).
-16
Let a(x) = 3*x + 11 - x**2 - 3 + x**3 - 4*x. Suppose 0 = -0*r + 3*r. Suppose -h = -r*h. Calculate a(h).
8
Let c(q) = q**3 + q**2 - q - 1. Let n be c(0). Let y(f) = 116 - f**2 - 116. What is y(n)?
-1
Let p = -11 + 7. Let u(v) = 0 - 38*v - 5 + 19*v + 18*v. Give u(p).
-1
Let a(r) = 9*r**2 - 4*r + 4. Let m(h) = 10*h**2 - 5*h + 5. Let o(b) = -2*b**2 + 2. Let d be o(-2). Let c(f) = d*a(f) + 5*m(f). What is c(1)?
-4
Let s(m) = 5*m**3 + 4*m**2 + 2*m + 4. Let r(w) = w**2 + w + 1. Let z(o) = -3*r(o) + s(o). Suppose -3*n + 4 = 1. Give z(n).
6
Let m(g) = 6*g. Let z = 5 - 5. Suppose -4*k = -3*a - 23, -5*a + 2*k + z*k - 29 = 0. Let v be (-2)/(-10) + (-4)/a. What is m(v)?
6
Let q(p) = 2*p - 2. Let n(x) = x. Let c be n(0). Suppose 2*b - 8 = -c*b. Let w = b + -2. What is q(w)?
2
Let u(s) = -2839*s**2 + 7*s + 2845*s**2 - 4 - s**3 + 0. Calculate u(7).
-4
Suppose -3*y - 2*y = 25. Let j(k) be the third derivative of 0 - 5/6*k**3 + 1/12*k**4 - k**2 + 1/60*k**5 + 0*k. Determine j(y).
10
Let g(a) = a**3 + 2*a**2 - 4*a - 6. Let m be g(-2). Let d(h) = -h**3 - 2*h**3 + 3 - 3*h + 3*h**2 + 0. Calculate d(m).
-15
Let h(k) = 0*k + 3*k**3 - k - 2*k**3 - 2*k**2 + 8*k**3. Give h(-1).
-10
Suppose -4*a - 20 = 4. Let g(b) = 3*b**2 - 4*b - 11. Let t(f) = 5*f**2 - 9*f - 21. Let m(n) = 7*g(n) - 4*t(n). What is m(a)?
-5
Let g(q) = q + 4. Let h be g(15). Let l(w) = -9*w**3 + w**2 - 11*w**3 - 3 + h*w**3 + 3*w. Determine l(3).
-12
Suppose -4*r + 7 + 5 = 0. Suppose 5*d + 55 = 5*q, q + 0 = -2*d - 1. Let x(c) = r*c - 2*c + q*c. Give x(-1).
-8
Let o(m) = -2*m - 1. Suppose -3*q - 30 = -5*s - 6*q, -4*s = -q - 7. Determine o(s).
-7
Let n be (-9)/(-6)*2 + 1. Let y(a) = -a**2 + 5*a - 6. Calculate y(n).
-2
Let v(u) = -u**2 + 5*u + 6. Let q(b) = 7 - 1 + 0 + 1 - b**2 + 6*b. Let s(f) = -2*q(f) + 3*v(f). Suppose -4*o - 2*m = -20, 0*m + 7 = -3*o + 4*m. Calculate s(o).
4
Suppose -p = -4*p - 21. Let u = p - -3. Let b(w) = -w**3 - 5*w**2 - 6*w. Give b(u).
8
Let y(b) be the first derivative of b**3/6 + 3*b**2/2 + 2*b - 3. Let a(r) be the first derivative of y(r). Give a(0).
3
Let l be 1/(1 - (-8)/(-10)). Let x(m) = -l + 3 + 7*m**2 + 1. Calculate x(-1).
6
Let c(z) = -1. Let q(b) = 6*b + 18. Let y(v) = 18*c(v) + q(v). Suppose 2*h = -0*h - 2. What is y(h)?
-6
Let g(q) = 5*q**2 - q. Let t = 14 - 12. Suppose -6*b + t = -4*b. What is g(b)?
4
Let b = -39 - -43. Let p(c) = c**3 - 5*c**2 + 2*c + 3. Give p(b).
-5
Let c(f) = -f**2 + 2. Let n = -20 - -23. Let k(r) be the second derivative of -r**5/20 + r**4/3 - 5*r**3/6 + 2*r**2 + r. Let z be k(n). What is c(z)?
-2
Let d = 0 + 4. Suppose -4*s + 5*n = -8, 2*n + d = n. Let l(x) = x**2 + 4*x + 3. Calculate l(s).
0
Let s(p) = 5*p - 6. Let h(f) = 9*f - 11. Let r(u) = -3*h(u) + 5*s(u). Suppose 3*v + 5 = -2*v. Let z(q) = -4*q. Let d be z(v). Determine r(d).
-5
Let j(i) = i**2 - i + 7. Let r be -1 - (-3 - (1 - 0)). Let g(w) = -2*w**2 + 4*w - 20. Let a(x) = r*g(x) + 8*j(x). Give a(-4).
12
Let n(u) = 2*u**2 + 6*u + 6. Let o be n(-4). Suppose -2 = 4*j - o. Suppose 4*m - s + 22 = 0, -j*s = 4*m - 0*m + 14. Let x(f) = f**2 + 4*f - 4. Determine x(m).
1
Let g(w) be the first derivative of -w**4/4 - 2*w**3/3 + 2*w**2 + 4*w + 12. Determine g(-3).
1
Let c(r) = r**2 - 5*r + 2*r - 3 - 5*r. Let l be c(8). Let k(z) = -z - 6. Calculate k(l).
-3
Let f(a) be the second derivative of -a**4/4 - a**3/3 - 12*a + 1. Calculate f(-2).
-8
Let c(m) be the third derivative of -m**4/24 - 7*m**3/6 - 32*m**2. What is c(-6)?
-1
Let a(j) = j**3 - 3*j**2 - j + 3. Let b be a(3). Let n(r) = b*r - 1 + 0 - 1 + r. Give n(4).
2
Let j(f) = -f**2 - 7*f - 5. Let n(u) = -u**2 - 5*u - 2. Let w be n(-4). Suppose 3*o + 5 = -w*o. Let i be ((-24)/(-30))/(o/5). Determine j(i).
7
Let v(s) = -3*s**2 - 2 + 5 + s**3 + 0*s**3 - 1. What is v(2)?
-2
Let n(g) = g**2 - 16*g - 33. Let s be n(18). Let t(d) = 4 + 2*d + d + 2*d - d**2. Give t(s).
10
Let n(o) = o**2 - 7*o + 8. Let h(b) = -3*b**2 + 6. Let w be h(0). Calculate n(w).
2
Let x(j) = -2*j - j**2 - 2*j**3 + 3*j + 3*j**3. Let f be x(2). Let m = f - 4. Let l(p) = p**2 - p + 1. Calculate l(m).
3
Let d(n) = -n**3 + 5*n**2 + 6*n + 5. Suppose 8 = -a + 4*c, 6*c = c + 10. Suppose 3*s - 20 + 2 = a. Calculate d(s).
5
Let k(y) be the first derivative of y**3/3 + 11*y**2/2 + y + 23. Determine k(-10).
-9
Let d(k) = 3*k**2 - k - 1. Let n be d(-1). Suppose 2 = -n*f + 5. Let x(o) be the second derivative of -o**4/6 + 6*o. Determine x(f).
-2
Let y = -39 - -41. Let g(m) = 5*m**2 - 2 - 4*m**2 - m + 0*m. Determine g(y).
0
Let m = 10 - 8. Let r(a) = 3*a**m + 0 + 2*a**2 - 1. Suppose 1 = -3*x + 4*x. Give r(x).
4
Let y be 132/55*(-5)/(-2). Let d(a) = -a**2 + 4*a + 3. Determine d(y).
-9
Let p(h) = h + h**3 - 8*h + 4*h**2 + 2 - 3. Calculate p(-5).
9
Let h(q) = 1. Let d(f) = -f + 1. Let i(w) = 2*d(w) - 4*h(w). Calculate i(2).
-6
Let g(z) = z**3 + 6*z**2 + 5*z + 6. Let c be 15/20 - 76/16. Determine g(c).
18
Let i(a) = a**2 - a + 1. Let q(u) = 2*u**2 - 6*u + 1. Let n(o) = 3*i(o) - q(o). Let z(m) = m**3 + m**2 - m - 1. Let r be z(-2). What is n(r)?
2
Let a be (-3 + (-65)/(-20))*0. Let i(o) = -7 - 3*o**2 + o + o**2 + o**2. Determine i(a).
-7
Let r(p) = -7*p**3 + 18*p**2 - 23*p + 13. Let j(o) = 11*o**3 - 27*o**2 + 35*o - 20. Let i(n) = 5*j(n) + 8*r(n). Determine i(8).
-4
Let d(q) = -2*q**2 + 10*q - 7. Let c be d(4). Let h(s) = -s**3 + 2*s**2 + 2*s + 1. Let b(x) = x + 1. Let v(o) = -2*b(o) + h(o). What is v(c)?
0
Let n(r) be the second derivative of 0 - 1/3*r**3 + 1/20*r**5 + 5*r + 5/12*r**4 - 7/2*r**2. What is n(-5)?
3
Let v be (-3 - -6)*(0 + (-5)/(-3)). Let y(q) = -q + 5. Determine y(v).
0
Let r = 4 - 1. Let d(p) = -2*p**2 + 3*p + 3. Calculate d(r).
-6
Let u = 1 - 1. Suppose u*t - 3*t + 3 = 0. Let v(q) = -t + 4*q + 4 - 2*q + 1. Give v(-5).
-6
Let t(d) be the first derivative of d**4/2 - 2*d**3/3 - d**2/2 + 12. Determine t(-1).
-3
Let r(l) be the first derivative of l**3/3 + l**2 - 4*l + 4. Suppose 2*w = w - 3. Give r(w).
-1
Let t(i) = -16*i**2 + 31*i + 36. Let p(n) = 3*n**2 - 6*n - 7. Let r(u) = -11*p(u) - 2*t(u). Calculate r(5).
0
Let y(k) = k**3 - 7*k**2 + 6*k. Let a(d) = 3 - 5 + 2 - 1. Let n(w) = -2*w + 13. Let z(u) = -3*a(u) - n(u). Let s be z(8). Calculate y(s).
0
Let j(i) = 5*i**2 + 3*i + 1. Let l(d) = d. Let m(v) = j(v) - 3*l(v). Determine m(1).
6
Let g(t) = 2*t**2 - 3*t - 2. Let v(w) = -2*w + 0 + 0*w + 0. Let p be v(-1). Suppose 2*b - 12 = -p*b. What is g(b)?
7
Let f(b) be the first derivative of b**3 + 2*b**2 + 2*b + 1. Let z be (-4)/(-2) + (1 - 40/8). Determine f(z).
6
Let c(d) = 3*d**2 - d. Let v(h) = -2*h**2 + h. Let m(g) = -6*c(g) - 7*v(g). What is m(1)?
-5
Let l(j) = -j**2 - j + 1. Let v be 2/2*(0 - 1). Let n(g) = g**3 - 3*g**2 + 3*g - 3. Let u(c) = v*n(c) - l(c). Determine u(2).
6
Let h(p) be the first derivative of -1/3*p**3 - 1/2*p**2 - 3 + p. Suppose 0 = 4*t - 4*w + 8, 2*t - 2*w = 2*w - 2. What is h(t)?
-5
Let o(x) = -x**2 - x. Let p(t) = -10*t**2 - 3*t + 1. Let y(q) = 3*o(q) - p(q). Determine y(-1).
6
Let k = 33 + -31. Let i(b) = 2*b**3 - b**2 - 2*b + 1. Determine i(k).
9
Let h(v) = v - 7. Let b be h(10). Let r(z) = 5 + b*z**2 + 4*z**2 - z**2 - 5*z**2 - 4*z. Determine r(4).
5
Let z be -1 - (-4)/6*6. Let x = z - 5. Let r(a) = 2*a**2 + 2 + a + 0 + 3*a + 0*a**2. Calculate r(x).
2
Let a(z) = -z**2 + z + 7. Let b(i) = 0*i**2 + i + i + i**2. Let u(f) = 2*f + 6. Let t be u(-4). Let g be b(t). Give a(g).
7
Suppose -5*j - 4*m = -47 - 9, 0 = -4*j - 4*m + 44. Let l(g) = -j - 3*g + 2*g + 8. Give l(-7).
3
Let r(f) = -f**3 - f**2 + 4*f + 3. Suppose 7*k = 9*k + 12. Let x = -8 - k. Calculate r(x).
-1
Let n(t) be the first derivative of t**5/20 + t*